-2*y = -4*r + 108 - d. Calculate the highest common factor of 33 and r.
11
Let m = -10 + 6. Let p be 65 + 2/4*m. Calculate the greatest common factor of p and 21.
21
Let l = 1 - 1. Suppose l = -3*p - 12, -2*p + 21 = 3*m + p. What is the greatest common factor of m and 44?
11
Suppose 2*c - 444 = 3*j - 0*j, -2*c = 5*j - 476. Let w be (-6)/21 - c/(-14). Suppose w = 2*b + 2*b. What is the highest common factor of b and 12?
4
Suppose -5*m = 3*n - 67, -m - 3 = -2*n + 4*m. Suppose u + 0*a = 4*a - n, -16 = 2*u - 5*a. Calculate the highest common factor of u and 2.
2
Let c(y) = -y**3 + y - 4. Let z be c(-3). Suppose -5 = 2*v - 5*w, 0*w - 4*w - z = -4*v. Calculate the highest common divisor of 20 and v.
10
Let b = 7 - 4. Let x(g) = g**3 - g**2 + 2*g + 4. Let d be x(b). Suppose -39 = 4*y - 207. Calculate the highest common divisor of d and y.
14
Let o be (-4)/(-10)*(14 + 261). Calculate the greatest common divisor of 44 and o.
22
Let m(a) = a - 2. Let k be m(6). Let s(c) = 2*c**2 - 4*c + 3. Let o be s(k). What is the highest common factor of o and 152?
19
Let f be 6/(-9) + 184/6. Let i be (-7 + 1)*(-2 - -1). What is the greatest common factor of i and f?
6
Let p = 15 + 239. Let d = p + -170. Let a(j) = 2*j**2 - 79*j - 28. Let f be a(40). What is the greatest common factor of f and d?
12
Let n(a) = a**2 + 3*a + 5. Let v be n(-5). Suppose 0 = -w + 55 + 20. Calculate the greatest common divisor of w and v.
15
Let i(b) = 2*b**3 + 63*b**2 - 32*b + 12. Let d be i(-32). Suppose -4*r + 18 = -3*r. What is the highest common divisor of r and d?
6
Suppose 0 = -4*o + c - 15, -2*c + 18 = -2*o + 2*c. Let n be (0/(-3) - o)*-2. Let q be (-23 + -2)*n/15. Calculate the greatest common factor of 70 and q.
10
Let c be 39 + 0/(-3) + -3. What is the greatest common divisor of c and 4?
4
Suppose -p + 6*p - 205 = 5*j, 129 = 3*p + 3*j. Let l = 66 - 3. Calculate the greatest common divisor of p and l.
21
Let s = 733 + -414. What is the highest common divisor of s and 29?
29
Let m(p) = -2*p**2 + 17*p - 9. Let u be m(6). Calculate the highest common divisor of 21 and u.
21
Suppose 3*n = 2*i + 21, -35 = -5*n - 0*i + 3*i. Let l be (-28)/(-6)*9/6. What is the greatest common divisor of n and l?
7
Suppose 2*n = -2*n + 128. Calculate the greatest common divisor of n and 24.
8
Suppose -160 = 2*k - 3*f, -2*k = f - 2 + 170. Let n = k + 138. Let h(y) = 10*y + 1. Let j be h(1). Calculate the highest common factor of j and n.
11
Suppose -4*o + 193 = 37. Suppose 6*t - 3*t = 3. Let f be t*(2 + 22/2). What is the greatest common factor of o and f?
13
Let c be (4/6)/(4/54). Calculate the highest common factor of 9 and c.
9
Suppose -3*j = -j - 12. Suppose 2*p - 4 - j = 0. Calculate the greatest common divisor of p and 1.
1
Suppose 0 = -2*b - 1 + 3, -z = 2*b - 16. What is the greatest common factor of z and 21?
7
Let d(b) = -b**2 - 2*b + 25. Let t be d(0). What is the greatest common divisor of 5 and t?
5
Let x be 12/36*(0 + -9) - -21. Calculate the greatest common factor of x and 54.
18
Suppose u - 15 = -2. Suppose -f + b = -16, -3*f - 4*b + 7 = -u. Let r = 14 + -2. Calculate the greatest common factor of r and f.
12
Suppose 9*u + 20 = 4*u. Let i be (0 - u/6)*-18. Let g be (-261)/i + 1/4. What is the highest common factor of g and 66?
22
Suppose -4*q + 1596 = 588. Calculate the greatest common factor of 42 and q.
42
Suppose 5*v - 13 = -5*d + 22, -5*v + 40 = 4*d. Let n be 2/(-3) - (-346)/6. Let g = n + 63. What is the highest common factor of v and g?
12
Let h(y) = 13*y - 3. Let w be h(10). Let i = 207 - w. Calculate the greatest common divisor of 20 and i.
20
Suppose 0 = 2*q - 3*q + 5. Suppose -4*n - 2*h + 50 = 0, -q*n + 3*h + 42 + 15 = 0. What is the greatest common factor of 132 and n?
12
Let a(t) = -1. Let o(q) = -3*q. Let z(d) = -6*a(d) - o(d). Let w be z(5). What is the greatest common factor of 231 and w?
21
Let d = 10 - 5. Let c be 55/22*(-6)/(-5). Suppose d*n - 5 = 0, 4*j - 13 = -2*n - c. What is the highest common divisor of 22 and j?
2
Let i(v) = -v**3 + 8*v**2 + 3*v - 13. Let s be i(6). What is the highest common factor of s and 7?
7
Suppose -19 - 17 = -3*a. Suppose n + u - 9 = 0, n = 3*n + 5*u - 9. Calculate the greatest common factor of n and a.
12
Let w = -75 + 152. What is the greatest common divisor of w and 22?
11
Let a be (-5)/((-70)/147)*(-64)/(-6). Calculate the highest common factor of a and 48.
16
Let o = 7 - 4. Let h(c) = -c**2 + 16*c - 18. Let d be h(13). What is the greatest common factor of d and o?
3
Let b = 5 + -2. Suppose b*q - 75 - 135 = 0. Calculate the greatest common divisor of 14 and q.
14
Let x be -7*(-1)/(21/12). Let h be -3*(-1 + (-2)/(-3)). Calculate the greatest common factor of h and x.
1
Suppose -2*g = d - 27, 6*g - 3*d = 3*g + 45. What is the highest common divisor of g and 154?
14
Let g(s) be the third derivative of s**5/15 - s**4/6 + s**3/2 + 3*s**2. Let f be g(2). What is the highest common divisor of f and 88?
11
Suppose -3*n + 6 + 0 = 0. Suppose n*h + 25 = q, 3*h + 21 = 6. Calculate the greatest common divisor of 5 and q.
5
Let w be (2/6)/((-12)/(-576)). Let k = 18 - 2. Calculate the highest common factor of k and w.
16
Let o(n) = n**2 + 10*n - 7. Let w be o(7). What is the highest common divisor of 28 and w?
28
Let h(x) = x**2 - 2*x + 3. Suppose 5*a + 0*a = 20. Let t be h(a). What is the greatest common factor of t and 55?
11
Suppose 4*o - 5*a + 22 = 62, 3*a + 37 = 5*o. Calculate the highest common divisor of o and 35.
5
Suppose 0 = -2*j + 8, -41 - 344 = -3*k + 2*j. Let y be k/4 - (-16)/64. What is the greatest common factor of 3 and y?
3
Let b = -38 + 64. Let j = 68 - b. What is the greatest common factor of 14 and j?
14
Let w = -15 - -11. Let b = 12 + w. What is the highest common divisor of b and 64?
8
Let t(z) = -18*z. Let j(i) = 395*i. Suppose 0*a = -a - 45. Let x(l) = a*t(l) - 2*j(l). Let h be x(2). What is the highest common factor of h and 8?
8
Let k(q) = -4*q - 23 + 188 + 5*q. Let b be k(0). Calculate the greatest common divisor of b and 15.
15
Let x(l) = 17*l + 2. Let b be x(2). Suppose 4*p - 47 = -15. Let y be p/20 + (-18)/(-5). Calculate the highest common divisor of b and y.
4
Let a = -12 + 14. Calculate the highest common factor of 14 and a.
2
Let s(x) = 4*x + 2. Suppose -5*w = 5*u - 4*u - 10, 0 = 5*u + 2*w - 27. Let p be s(u). What is the highest common divisor of p and 22?
22
Suppose 54 = 3*r - 0*r. Let f = 206 + -200. Calculate the highest common factor of r and f.
6
Suppose -4*s = -2*f + 208, 2*f - 3*s - 2*s = 204. Suppose 23 + f = 3*x. Suppose 2*p + 2*p - 120 = 0. What is the highest common factor of p and x?
15
Let n = 18 + -13. Suppose o - 53 = -3*k - 20, 3*o - n*k = 85. Calculate the greatest common factor of 12 and o.
6
Let c be (2 - (-1)/(-1)) + 1. Suppose -v = y - 13, -2*v - v + 14 = -2*y. What is the greatest common factor of v and c?
2
Suppose 0 = l - 6*l. Let t be 3 + 4/2 + l. Let f be t + (-2 - (1 + -3)). Calculate the highest common divisor of 1 and f.
1
Suppose 2*q = 5*p + 75, 5*q + 0*q + 5*p - 100 = 0. What is the greatest common factor of 75 and q?
25
Let s be 95/25 + 2/10. Let d be (30/s)/((-3)/(-6)). Calculate the greatest common factor of 105 and d.
15
Suppose -b = s - 3*s + 9, -4 = 4*b. Suppose s*l - 13 = 47. Suppose i - 2*m = 25, 3*i + l = -m + 55. What is the greatest common factor of i and 15?
15
Let w be (-1 + -20)*(-7)/21. What is the greatest common divisor of 77 and w?
7
Suppose -r - r - 5*f = -30, -r + 25 = 5*f. Suppose 4*i - 51 = 29. Calculate the highest common factor of r and i.
5
Let p = 17 - 10. Suppose 0 = -z - 20 - p. Let d = 5 - z. Calculate the greatest common divisor of d and 8.
8
Suppose -3*x - 84 = -4*g, -60 = -4*g - 3*x - 0. Let m = -3 + 21. Calculate the greatest common factor of g and m.
18
Let o be 2*1/(-2)*2. Let h be (-7)/14 + (-267)/o. What is the highest common divisor of 19 and h?
19
Let p(i) = -6*i + 44. Let z be p(7). What is the highest common factor of z and 22?
2
Let x(o) = -o**3 - 9*o**2 + 6*o - 4. Let m be x(-10). Let t be ((-4)/6)/(-3*2/108). What is the greatest common factor of t and m?
12
Let q(a) be the first derivative of -2*a**2 - 8*a + 1. Let r be q(-8). Calculate the greatest common divisor of 3 and r.
3
Let y(s) = s**3 + 4*s**2 + s - 4. Let x be y(-2). Calculate t